322
In base 5, what is -12032 + -2211?
-14243
In base 8, what is 755145 + -5?
755140
In base 12, what is -304b - 4?
-3053
In base 9, what is 11 - 12484?
-12473
In base 9, what is -2 + 154106?
154104
In base 11, what is 534 - -66?
59a
In base 4, what is -33 - -1033112?
1033013
In base 16, what is 3 - -c141?
c144
In base 5, what is 111311 - 1420?
104341
In base 2, what is -11011101001 + 1?
-11011101000
In base 15, what is -7aa + e3?
-6b7
In base 6, what is 4 - 11205011?
-11205003
In base 10, what is 128401 - 0?
128401
In base 6, what is -3 + -111152234?
-111152241
In base 4, what is -120003 - -1?
-120002
In base 7, what is -105410 + -1?
-105411
In base 3, what is -102111020 + -200?
-102111220
In base 11, what is 8 + -a9a8?
-a9a0
In base 6, what is -125054 + 11?
-125043
In base 11, what is 475209 + -2?
475207
In base 16, what is -1 + -1c8b?
-1c8c
In base 11, what is 67 + -1784?
-1718
In base 12, what is 778 + -9?
76b
In base 2, what is -1000010 + 1011110010011?
1011101010001
In base 4, what is 1301 + -1120?
121
In base 8, what is 1207531 - 4?
1207525
In base 8, what is 37071622 - -4?
37071626
In base 15, what is -e1 + -54?
-145
In base 5, what is 43314 + -104?
43210
In base 14, what is b713 - d?
b704
In base 7, what is 26632413 - 2?
26632411
In base 2, what is -1000100011 - 1100111111?
-10101100010
In base 3, what is 2011011001 + 10120?
2011021121
In base 8, what is 5306535 + 3?
5306540
In base 9, what is -71826 - -5?
-71821
In base 14, what is 13 + -756c?
-7559
In base 8, what is 243 - -5601?
6044
In base 5, what is 20133 + 120?
20303
In base 6, what is -1015 - -53?
-522
In base 4, what is -23032 + -113?
-23211
In base 14, what is 4aa2 - -21?
4ac3
In base 2, what is -111101 - -10110011101010?
10110010101101
In base 16, what is -bc86 + -9?
-bc8f
In base 16, what is -21b5 - -21?
-2194
In base 9, what is 67418 + -5?
67413
In base 9, what is 48402 + 24?
48426
In base 5, what is -10 - 312221?
-312231
In base 8, what is 10 + 117336?
117346
In base 14, what is -183 - -97?
-ca
In base 11, what is -1 + -684419?
-68441a
In base 15, what is -6e - -3d0?
361
In base 12, what is 4ba66 + 13?
4ba79
In base 10, what is 16008 + -2?
16006
In base 7, what is -14 - -56?
42
In base 16, what is -645a - 72?
-64cc
In base 14, what is 29 - 1ba7?
-1b7c
In base 11, what is 1a67 + -15?
1a52
In base 7, what is 12 - 1416?
-1404
In base 3, what is -211021110102 - -1?
-211021110101
In base 8, what is -12 + -2541?
-2553
In base 16, what is 24 - 910?
-8ec
In base 6, what is -14310 + 4?
-14302
In base 8, what is 26 - -3120?
3146
In base 11, what is 28a81 + -22?
28a5a
In base 15, what is 29 + 5935?
595e
In base 3, what is 201110110110 - 1?
201110110102
In base 10, what is 2 - -63891?
63893
In base 10, what is -18 - -1397?
1379
In base 12, what is 0 - -636897?
636897
In base 2, what is 1 + -110000110010010100?
-110000110010010011
In base 16, what is 3 - b74?
-b71
In base 12, what is -1 + 2b60?
2b5b
In base 6, what is 1 - -232310?
232311
In base 4, what is -10 - 211032?
-211102
In base 13, what is 33b1 - -ab?
348c
In base 12, what is 2a - 17a5?
-1777
In base 4, what is -10 + 3112222030?
3112222020
In base 10, what is -3 + -372713?
-372716
In base 5, what is -2 + -3103404?
-3103411
In base 6, what is 3 + 31501?
31504
In base 6, what is -3130051 - -5?
-3130042
In base 15, what is bc6d - -1?
bc6e
In base 9, what is -13646 + 5?
-13641
In base 8, what is 37601 + -3?
37576
In base 3, what is 10112211000 - -12?
10112211012
In base 12, what is -4 + 18a16?
18a12
In base 10, what is 51 + -1073?
-1022
In base 5, what is 1032244 - -3?
1032302
In base 5, what is 220004 + 2?
220011
In base 9, what is 17478 + -44?
17434
In base 14, what is 26 + 689?
6b1
In base 7, what is 63 + 111042?
111135
In base 6, what is 20102 - -55?
20201
In base 14, what is 5 + -16973?
-1696c
In base 14, what is 53adb - 4?
53ad7
In base 13, what is -1226 + 296?
-c60
In base 5, what is 3 - -110324130?
110324133
In base 14, what is -798 - 10?
-7a8
In base 15, what is 11414 - -1?
11415
In base 5, what is 3341444 - -214?
3342213
In base 7, what is 43 + -443?
-400
In base 6, what is -41 - 1041?
-1122
In base 5, what is -334233 - -24?
-334204
In base 12, what is -640a + -9?
-6417
In base 16, what is -37bc - 4?
-37c0
In base 3, what is -10 + 2012021202?
2012021122
In base 4, what is -123 - -2001?
1212
In base 9, what is 488661 - -5?
488666
In base 7, what is -632604 - -3?
-632601
In base 16, what is 27 - -52e?
555
In base 5, what is -1 - -10204420?
10204414
In base 8, what is 1 + -21732?
-21731
In base 4, what is 10 + -3001122?
-3001112
In base 15, what is b4ea + -5e?
b48b
In base 7, what is 121 - 54?
34
In base 14, what is -144 + 18?
-12a
In base 16, what is -133 + b9?
-7a
In base 5, what is 314033 - 200?
313333
In base 16, what is 13 - 112?
-ff
In base 14, what is 115a4 - -2?
115a6
In base 13, what is 2 - 671?
-66c
In base 10, what is 2961 - 3?
2958
In base 4, what is -100300001122 - 11?
-100300001133
In base 10, what is -2764 + -13?
-2777
In base 8, what is 167 - -126472?
126661
In base 12, what is 24b + -49a6?
-4757
In base 16, what is 13 + -1cbd?
-1caa
In base 15, what is 226d + -5?
2268
In base 8, what is -221132 - 3?
-221135
In base 11, what is -43 + -11745?
-11788
In base 12, what is -27b44 + -1a?
-27b62
In base 8, what is -21215 - -15?
-21200
In base 3, what is 0 - -120000122?
120000122
In base 15, what is -4 + -bbb4?
-bbb8
In base 14, what is -a443 + 3?
-a440
In base 4, what is 3 + -22211201?
-22211132
In base 6, what is -441 + 120?
-321
In base 8, what is 17 + -142552?
-142533
In base 2, what is 0 - -110000010110?
110000010110
In base 10, what is 156060 + -5?
156055
In base 8, what is -102303 + -1?
-102304
In base 7, what is -2306 - 111?
-2420
In base 15, what is -1bd6a + 4?
-1bd66
In base 9, what is -3 - 813515?
-813518
In base 7, what is 1401 + -20411?
-16010
In base 13, what is 19 + -401a?
-4001
In base 13, what is -5797b - -3?
-57978
In base 8, what is 156 - -41?
217
In base 6, what is 20055 - -35?
20134
In base 11, what is -3 - -64180?
64178
In base 13, what is -3 - 3705c?
-37062
In base 7, what is -323 - -5441?
5115
In base 6, what is -5 - 43545?
-43554
In base 9, what is -48 - 44?
-103
In base 7, what is 20204 + 233?
20440
In base 3, what is -1 + -1222221010?
-1222221011
In base 10, what is -20 - -1630?
1610
In base 3, what is 2 + 2111101010?
2111101012
In base 4, what is -20302222111 + -11?
-20302222122
In base 5, what is 112020 - 131?
111334
In base 5, what is 4402244 - 11?
4402233
In base 16, what is 6 - 780?
-77a
In base 2, what is -101000 + -101111110?
-110100110
In base 12, what is -29b5 - 230?
-3025
In base 10, what is 15 - 13756?
-13741
In base 12, what is 0 - 48b31?
-48b31
In base 12, what is 1 - -1532a7?
1532a8
In base 6, what is 0 + 445251?
445251
In base 7, what is -23 - 32400?
-32423
In base 12, what is -3 - b167?
-b16a
In base 15, what is 25 + 6b5?
6da
In base 14, what is -5ab + 17?
-594
In base 15, what is -1 + 55c3?
55c2
In base 7, what is -10 + -163304?
-163314
In base 10, what is -142 + -42?
-184
In base 6, what is -4441 + -454?
-5335
In base 9, what is -34440 - 6?
-34446
In base 15, what is -29448 + -4?
-2944c
In base 10, what is 428220 + -5?
428215
In base 8, what is -52720 - 2?
-52722
In base 7, what is -3036 + 165?
-2541
In base 4, what is 10 - -122133123?
122133133
In base 7, what is 4 - 31042?
-31035
In base 14, what is 0 - 12d8?
-12d8
In base 14, what is 7737 + -1?
7736
In base 9, what is 67 + -883?
-815
In base 9, what is -2 + -25445?
-25447
In base 9, what is 208 - -82?
301
In base 15, what is -183 - -1?
-182
In base 7, what is -6431 + -22?
-6453
In base 11, what is 4 + -182000?
-181aa7
In base 14, what is -4c4 + 887?
3a3
In base 2, what is 1001011011110110 + -11101?
1001011011011001
In base 8, what is -17461 + 0?
-17461
In base 7, what is 431260 - -14?
431304
In base 9, what is 17177 + -458?
16618
In base 13, what is 13 + -5c19?
-5c06
In base 6, what is 325340 + -2?
325334
In base 5, what is -133144 + -403?
-134102
In base 2, what is 101011000001 - -11?
101011000100
In base 14, what is 5 + -7d24?
-7d1d
In base 4, what is 1030303 - 301?
1030002
In base 7, what is 120656 + 261?
121250
In base 10, what is -273622 - 0?
-273622
In base 16, what is -3 - 1a5c?
-1a5f
In base 16, what is 3